 = m + -10. What are the prime factors of f?
23
Let o = 19 + -13. Let u = o - 2. Suppose 0 = -u*n + 5*f + 77, 3*n - 5*f - 36 - 23 = 0. What are the prime factors of n?
2, 3
Suppose -1856 = -325*t + 321*t. What are the prime factors of t?
2, 29
Suppose -r + 17 = -4*q - 7, -4*q - 8 = -5*r. Let f = q - -11. Suppose 0*p = f*p + v - 59, 0 = 5*p + 2*v - 73. List the prime factors of p.
3, 5
Suppose 5*d + 161 = 7*d + 3*a, -5*d - 4*a + 385 = 0. Let v = d - -50. What are the prime factors of v?
3, 41
Suppose 5*k = 3*i - 0*i + 273, 0 = -5*i - 5. Suppose -2*m - 2*p - 3*p = -82, 4*p = m - k. List the prime factors of m.
2, 23
Let z = -23 - -26. Let l be 2*(z + 2/4). Let t = l + -3. What are the prime factors of t?
2
Let t(k) = 81*k - 1. Let f be t(4). Suppose f = 7*h - 419. What are the prime factors of h?
2, 53
Let k be 2/6 + (2 - (-24)/(-18)). Suppose -i = -2*w - 181, -3*w - 16 = -k. What are the prime factors of i?
3, 19
Let o(m) be the second derivative of -m**5/20 + 3*m**4/4 - 5*m**3/6 - 7*m**2/2 - 26*m. What are the prime factors of o(6)?
71
Let o(l) = 90*l**2 - 49*l + 142. What are the prime factors of o(3)?
5, 7, 23
Let v be 3*4/2*(-2 + -1). What are the prime factors of 2/(-6) + 15*(-76)/v?
3, 7
Let p = 35 + -42. What are the prime factors of ((-45416)/36)/p - (-4)/(-18)?
2, 3, 5
Let i(w) = 2*w**2 - 5*w + 8. Let n be i(-6). Suppose -2*h = m - 23, 2*m + 2*h - n = -2*m. What are the prime factors of m?
29
Let g = 4876 + -1925. List the prime factors of g.
13, 227
Let c(h) = -h**3 + 7*h**2 + 6*h - 5. What are the prime factors of c(-6)?
7, 61
Let p(t) = -7*t**3 - 12*t**2 - 5*t + 22. What are the prime factors of p(-5)?
2, 311
Let j(z) = 6*z - 5. Let n be j(2). Let x = n - 7. Suppose 5*s - m - 227 = 3*m, 3*s - m - 132 = x. What are the prime factors of s?
43
Suppose -11 = -6*p + 31. Suppose 4 = n - p. List the prime factors of n.
11
Let y = 432 - 281. What are the prime factors of y?
151
Let d be 17/(-34)*2*37. Let f = d + 75. Suppose -u + f = -0*u. What are the prime factors of u?
2, 19
Suppose -17*c - 145 + 3341 = 0. List the prime factors of c.
2, 47
Let r(c) = -c**2 - 11*c + 21. Let n(j) be the second derivative of -j**4/12 - j**3/3 - 11*j**2/2 + j. Let s be n(0). List the prime factors of r(s).
3, 7
Let g = 829 + -232. List the prime factors of g.
3, 199
Suppose -12 = 4*p - 4. Let d be (1 + p)/(-1) + 0. What are the prime factors of 30/(1 - -1 - d)?
2, 3, 5
Let b(y) = 48*y - 5 - 23*y - 23*y. What are the prime factors of b(11)?
17
Suppose -h = 4*h - 100. Suppose -6*u + 2 = 14. List the prime factors of (h - 23) + (-90)/u.
2, 3, 7
Suppose 171 = 2*y + 53. Let j = 102 - y. Suppose -39 = -2*a + j. List the prime factors of a.
41
Let c = 267 + 36. What are the prime factors of c?
3, 101
Let l(g) = g**2 + 1. Let r be l(-1). Suppose r*x + k = 14, -2*x + 4*k + 19 = -5. Suppose i + x = 37. List the prime factors of i.
29
Let x be -1 + (-9)/(-7) - 286/(-77). Suppose x*a - 3*s = -5*s + 278, -s = -3*a + 196. What are the prime factors of a?
67
Let q(w) = -126 + 126 + 3*w - 3*w**3 + 2*w**3. Suppose 0 = -2*o, k - 5*o - 2 = 2*k. What are the prime factors of q(k)?
2
Let q be (-1 - -13)*2/8. Suppose q*s + 3 = -4*a, -2*s - 16 = -a - a. Suppose 5*p - a*p = 12. What are the prime factors of p?
2, 3
Let d = 11 + -7. Let q be (15 - 12) + -9 + 2. What are the prime factors of 1/q + 237/d?
59
Let w be (11/(-22) + 0 + 0)*-640. Suppose -p = -6*p + w. List the prime factors of p.
2
Suppose 5*t = -4*p + 1738, 0 = -5*p + 5*t + 683 + 1512. What are the prime factors of p?
19, 23
Suppose 5*l + 3*y - 444 = 0, -4*l = -4*y - 94 - 274. Suppose 2*d - 26 = l. What are the prime factors of d?
2, 29
Let a = -8 - -94. Suppose -5*z + a = -z - 3*j, -4 = -2*j. What are the prime factors of z?
23
Suppose 0 = -5*p + 3*p. Suppose 3*b - 3*s + 8*s = 7, -5*b = 2*s - 18. Suppose b*h - h - 75 = p. List the prime factors of h.
5
Let p = 1374 + -567. List the prime factors of p.
3, 269
Suppose a - 2*a + 34 = 0. Suppose 4*j - 5 = -3*d, -a = -0*d - 2*d + 5*j. List the prime factors of d.
7
Let q(t) = -2*t - 2. Let o be q(-3). Suppose 4*l + a - 15 = -0*a, 5*a = 4*l + 3. Suppose -l*i + 114 = k + 38, o*i = 4*k + 80. List the prime factors of i.
2, 3
Let f(r) = -r**3 + 15*r**2 - 14*r + 3. Let z be f(14). Suppose 32 = z*b - 10. List the prime factors of b.
2, 7
Suppose 720 = 6*y - 3*y. Suppose 2*o - y = -2*o. What are the prime factors of o?
2, 3, 5
Suppose 13 = -4*o + 1. What are the prime factors of (4 + 4)*(-177)/36*o?
2, 59
Let x(v) = 3 + 4 - v**3 - 9*v**2 + 2*v**2. List the prime factors of x(-7).
7
List the prime factors of ((-6)/4)/((-582813)/38852 - -15).
2, 883
Suppose -2*k + 6*k = 660. Let a = 39 + k. What are the prime factors of a?
2, 3, 17
What are the prime factors of (-2)/8 + 17/(136/30954)?
53, 73
Suppose 0 = -4*s - 0*y + 2*y + 428, 129 = s + 5*y. Let c = s - 77. What are the prime factors of c?
2
Suppose 4*p + 2*x = 736, 0 = -5*p - 3*x + 1304 - 382. Suppose -4*o + p = -2*m, -o - 5*m - 185 = -5*o. What are the prime factors of o?
3, 5
Suppose 3*u = -5*q + 1584, 1454 + 109 = 5*q - 4*u. What are the prime factors of q?
3, 5, 7
Let i = -3 + 37. Let w = i + -58. List the prime factors of w/(-9)*(-9)/(-2).
2, 3
Let b(d) = -d**2 + 10*d + 16. Let m be 55/20*(-1 - -5). Let u be b(m). Suppose 2*v = y + 105, 5*v - 125 = 3*v + u*y. What are the prime factors of v?
2, 5
List the prime factors of (312/(-10))/(3606/(-225) + 16).
2, 3, 5, 13
Suppose -4*g - g = v - 121, 4*v - g = 442. Suppose -9*p = -12*p + v. What are the prime factors of p?
37
Let a(i) = -i**2 + 7*i - 4. Let n be a(6). Suppose d = -n*d. Suppose d = 2*p + 3*s - 7, 5*s + 0 = 4*p - 47. What are the prime factors of p?
2
Let b = 2415 - -1383. List the prime factors of b.
2, 3, 211
Let j be (7/((-210)/(-18)))/(2/10). Suppose -49 = -4*q + j*p, -2*q = 5*p - 2 - 3. List the prime factors of q.
2, 5
Let q = 19 - 8. Let n be (-14)/91 - q/13. What are the prime factors of (-102)/(n + -3 - -2)?
3, 17
Suppose 15735 = -1883*x + 1886*x. What are the prime factors of x?
5, 1049
Let m = 223 - -52. What are the prime factors of m?
5, 11
Suppose 2*a - 147 = -2*s - 3*a, -4*s = -5*a - 369. Suppose -7*i = -s - 117. Suppose 0 = -4*b - i + 113. What are the prime factors of b?
3, 7
Suppose 3*c + 5 = -1. Let n be 44/6 - c/3. Suppose 0 = i - 3 - n. What are the prime factors of i?
11
Suppose -2*i + 5*i = 3*t + 144, -i - 4*t = -28. Let d = 39 + -62. Let r = i + d. What are the prime factors of r?
3, 7
Suppose -133*h + 127*h = -984. Let p(m) = -3*m**2 - m + 7. Let g be p(6). Let x = g + h. List the prime factors of x.
3, 19
Let v = 201 + 1840. List the prime factors of v.
13, 157
List the prime factors of 161*(-12)/(-84)*49.
7, 23
What are the prime factors of (-10)/(-4) + 9469/34?
281
Suppose -d - 2*p = -0*d - 91, 3*p = -4*d + 359. Let b = -33 + d. What are the prime factors of b?
2, 7
Suppose -5*f + 2*t + 15 + 2 = 0, 0 = 3*t - 12. Suppose -116 = -f*v + 29. What are the prime factors of v?
29
Suppose 2*o - 5*k = 3*o - 19, -o - k = -7. Suppose 2*y + 33 = 5*y + 2*w, 30 = 2*y + o*w. List the prime factors of y.
3
Suppose -p - 4*h + 17 = 0, -p - 4*h = -2*h - 9. What are the prime factors of (12 + -8)/(p + -3) - -184?
2, 7, 13
Suppose -5*a = 5*z - 1930, 5*a - 2*a = -z + 1168. What are the prime factors of a?
17, 23
Let h be (5 - 66/12)/(1/16). List the prime factors of 40*h/10*(-3)/6.
2
Let m(i) = -2*i + 18. Let c be m(9). Suppose 0*x - 271 = -3*a + 4*x, c = 5*a - 2*x - 433. What are the prime factors of a?
5, 17
Suppose 3*q - 15 = -2*a + a, 3*a = 0. Suppose 0 = -3*u + q - 2. Let n(h) = 39*h**2. What are the prime factors of n(u)?
3, 13
Suppose 0 = 4*t - a - 5203, -3*a - 3777 = -2*t - 1168. List the prime factors of t.
2, 5, 13
Let i(o) = 7*o - 6. Let r be i(3). Suppose y - r = -3*n, 0 = -y + n - 3*n + 10. Suppose -b + 1 + 18 = y. List the prime factors of b.
19
Let h(j) be the first derivative of -101*j**2/2 - 24. What are the prime factors of h(-2)?
2, 101
Let k be 1204/(-20) - 6 - (-4)/(-5). Let i = k - -82. What are the prime factors of i?
3, 5
Let y = 30 + -25. Suppose -3*c + 360 = y*k + 109, 15 = -3*k. What are the prime factors of c?
2, 23
Let v(i) = -21*i - 7. Let m be v(-3). Suppose -3*a + 234 = a - 5*b, 6 = 3*b. Suppose 4*c + a = 2*p - p, 0 = p - 3*c 